hat is k(5)?
8
Let z(s) be the first derivative of s**2/2 - 10*s - 60. Let u = 0 - -5. Determine z(u).
-5
Let s(k) = k**2. Let x(m) = 5*m**2 + 4*m + 3. Let a(p) = -6*s(p) + x(p). Give a(6).
-9
Let g be (-2)/3 - 42/(-9). Suppose -g*z = -5*t - 5, 3*z + t + 2 - 1 = 0. Let f(k) = 3*k - 2*k - 1 + z*k. What is f(-3)?
-4
Let m be ((-4)/6)/((-4)/6). Let o(y) = -3*y**2 - 2*y + 2. Let x be o(-2). Let c(v) = 1. Let h(q) = q**2 - 7*q + 12. Let u(b) = m*h(b) + x*c(b). What is u(4)?
-6
Let z(l) be the first derivative of l**5/60 - 4*l**3/3 + 5. Let r(s) be the third derivative of z(s). Calculate r(2).
4
Let a(w) = w**2 - 2*w + 3. Suppose 3*g = k - 1, 0 = 3*k + 4*g - 2*g - 25. Let p be ((-2)/2)/(k/(-14)). Give a(p).
3
Let h(j) be the third derivative of j**2 + 0*j + 5/24*j**4 + 0 + 1/2*j**3 - 1/60*j**5. Determine h(5).
3
Let z(f) = 4*f**2 + 5*f + 1. Let d(i) = -i**2 - i - 1. Let p(y) = 3*d(y) + z(y). What is p(-3)?
1
Let a = -6 - -1. Let t(d) be the third derivative of -d**4/24 - d**3 - 2*d**2. What is t(a)?
-1
Let s(w) = -2*w - 5. Let r(f) = -f**2 + 18*f - 23. Let g be r(17). What is s(g)?
7
Let f(q) = 3*q**3 + 2*q + 0*q**3 - q**2 - 4*q**3 - 1. Give f(1).
-1
Let s(n) = -2*n**2 - 4*n + 1 - 1. Let v = 20 + -23. Give s(v).
-6
Let p = 11 + -20. Let g = -14 - p. Let x(i) = -4*i**2 - 1. Let t(j) = j**2 + j + 1. Let y(l) = g*t(l) - x(l). Determine y(-5).
-4
Let h(s) = s**2 + 7*s + 9. Let l be h(-6). Suppose -b + 5 = l. Let v(z) = z + 3 + 18*z**2 - 7*z - 17*z**2. What is v(b)?
-5
Suppose 9*c = 5*c + 24. Let q(f) = -f - 7. Give q(c).
-13
Let d(p) = 3*p**2 - 7*p + 5. Let q(v) = -v**2 + v - 1. Let k(c) = d(c) + 4*q(c). Let f = -5 - 4. Let j be 3/1*6/f. Determine k(j).
3
Let n(z) = z**3 + 6*z**2 + 2*z + 5. Suppose -7*m - 29 - 6 = 0. Calculate n(m).
20
Let l(o) = -o**2 - 6*o - 6. Let w be l(-3). Let s(y) be the first derivative of -1/3*y**w + 3/2*y**2 - y - 1. Determine s(2).
1
Let b(v) be the second derivative of -v**4/12 - 7*v**3/6 - 7*v**2/2 + v. Let l(q) = -q**3 - 22*q**2 - 20*q + 16. Let p be l(-21). Give b(p).
3
Let u(f) = -f**2 + 6*f - 7. Let b(m) = m**2 - 5*m + 6. Let g = 3 + -1. Let o(i) = g*b(i) + 3*u(i). Determine o(6).
3
Let k(s) = -s**3 - s - 1. Let t be k(-1). Let l(j) be the first derivative of j + 0*j**3 - 5/4*j**4 + 2 + 0*j**2. Calculate l(t).
-4
Let q(h) = 3*h + 10. Let n(x) = -4*x - 11. Let s(j) = 5*n(j) + 6*q(j). Calculate s(-4).
13
Let l(m) = 4*m - 12. Let s(r) = -3*r + 11. Let j(a) = -4*l(a) - 5*s(a). Calculate j(0).
-7
Suppose -20 = -4*i, -3*n + n - 22 = -4*i. Let m(f) = -16*f**2 + f. Give m(n).
-17
Let x(c) = -c**3 + c**2 - c + 7. Let v(i) = -i - 3. Let d be v(-6). Suppose -2*l = -d*l. What is x(l)?
7
Let w(g) = 2*g - 5. Let f be (1 - 1) + (-12)/4. Let o = f - -1. Let l = o - -6. Calculate w(l).
3
Let o(s) = 3*s + 29. Let u(w) = -w - 3 - 4*w - 7 + 4*w. Let m be 4 - 2 - (1 - -5). Let h(t) = m*o(t) - 11*u(t). Give h(0).
-6
Let h(a) = a**3 + 4*a**2 - 5*a + 3. Let o = 6 - 12. Let i = o - -1. Give h(i).
3
Let n(w) = 2*w + 5. Let f be n(-5). Let j(d) = d**2 + 6*d + 2. Give j(f).
-3
Let o = 33/2 - 329/20. Let h(b) be the second derivative of -2/3*b**3 - o*b**5 + 3/2*b**2 + 0 - b - 5/12*b**4. Calculate h(-4).
3
Let l(f) = f + 2. Suppose 0*h - 3*h - 7 = 2*y, -4*h + 52 = -5*y. Calculate l(y).
-6
Let l = -12 + 17. Suppose l = d - 0. Let m be (-18)/4 - d/10. Let q(n) = -n. Determine q(m).
5
Let g(h) be the second derivative of h**3/6 + 5*h**2/2 + 4*h. Let l(i) = -1. Let y(m) = g(m) + 5*l(m). Determine y(4).
4
Let m(t) = t**2 - t + 1. Suppose -4*k + 18 = 6. What is m(k)?
7
Let a(h) = h**3 + 6*h**2 - 8*h - 4. Let z be a(-7). Let m(j) = 3*j + j**3 - 2*j - z*j - j**2. What is m(-2)?
-8
Let p = 3 + -1. Suppose 0 = -4*m + 3*m + p. Let u(j) = 2 - 3*j**2 + 3 + 2*j**2 - 4. Give u(m).
-3
Let d(z) = -9*z**2 + 2*z + 1. Let a(h) = 10*h**2 - 3*h - 2. Let g(x) = 2*a(x) + 3*d(x). Calculate g(-1).
-8
Let k(f) = f - 2. Let m(v) = v**2 + 2*v - 10. Let b be m(-5). What is k(b)?
3
Suppose 4*t - 8 = -d, t = -d - 0*t + 5. Let m be 12*(0 - 2/d). Let b(k) = -k**2 - 7*k - 2. Calculate b(m).
4
Let z(i) be the second derivative of 2*i**3/3 + 3*i**2/2 + 8*i. Calculate z(-2).
-5
Let g(j) = 5*j. Let x(n) = -n**2 + 10*n - 1. Let k be x(7). Suppose 6*b = b + k. Suppose 5*i - 1 = b*i. Determine g(i).
5
Let w(k) = 17*k**3 + 2*k + 1. Suppose 0 = 5*a - 5*x + 30, -9*a + 10 = -4*a + 3*x. Give w(a).
-18
Let x(b) = -b**3 - 4*b**2 - 7*b - 5. Let i = -97 - -93. Give x(i).
23
Suppose d + 3 = 5. Suppose -4*l = -9*l + 25, -d*p + 15 = 5*l. Let x(n) = n**2 + 5*n + 5. Determine x(p).
5
Let k(s) be the third derivative of -7*s**2 - 1/12*s**4 + 0*s + 1/60*s**5 - 7/6*s**3 + 0. What is k(5)?
8
Let v(w) be the third derivative of -w**4/24 + w**3 - 9*w**2. What is v(6)?
0
Suppose -3 + 18 = 5*p. Let q(f) be the second derivative of -f**4/12 + f**3/6 + f**2/2 - 2*f. Calculate q(p).
-5
Let s = 0 - 9. Let w be (-3)/(1/(6/s)). Let f(t) = -2*t - 1. Let o(d) = -5*d - 3. Let x(h) = -11*f(h) + 4*o(h). What is x(w)?
3
Let r(y) = 9*y**2 - 1. Suppose -i + 8 + 1 = 0. Let w(g) = g + 6. Let c be w(-6). Suppose h = 2*h - 5*k + i, -h - 2*k + 5 = c. Determine r(h).
8
Let n(f) = -2*f - 6. Let c be n(-4). Let k(x) = -4*x**3 + 4*x**2 - 3*x. Determine k(c).
-22
Let v(k) = k. Let u(l) = -l + 1. Let x(b) = -2*u(b) - 5*v(b). Let m(o) = o**3 - 2*o**2 + 2. Let f be m(2). What is x(f)?
-8
Let c(j) = 4*j - 3. Suppose -2*x - 30 + 4 = 2*w, 0 = 3*w + 2*x + 44. Let v be w/15*10/(-3). Suppose r + 5 = 3*k + 2*k, v*r = 20. Give c(k).
5
Let x = 3 - 1. Let w(u) = u**3 + 3 - 8*u + 6*u - u**2 - 2*u. What is w(x)?
-1
Suppose -4*t = 2*z - 0*z + 6, -2*z - 2*t - 10 = 0. Let k = 12 + z. Let x(o) = -o**2 + 6*o - 1. Give x(k).
4
Let l(g) = g - 10. Let y = -92 + 99. Give l(y).
-3
Suppose 0 = a - 3 - 0. Let u(x) = -4*x**3 + 4*x**2 - 8*x + 5. Let k(l) = 5*l**3 - 5*l**2 - 4 + l**2 - 2 + 9*l. Let z(g) = 3*k(g) + 4*u(g). Calculate z(a).
-4
Suppose 3*n - 12 = 15. Let z = n + -6. Let f(w) = 2 + z*w - w**3 - 4*w**2 - 4 + 0. Determine f(-5).
8
Let k(c) = c**3 - 7*c - 4*c**2 + 17*c - 9*c. Let i = -2 + 5. Give k(i).
-6
Let c(z) = z. Let f(g) = -g**3 + 6*g**2 + g + 4. Let o be f(5). Let v = o + -13. Suppose 2*u - 5*t = -7 - 0, 3*t = -3*u - v. What is c(u)?
-6
Let c(b) = b + 11. Let h be c(-7). Let p(q) = q**2 - 6*q + 3. What is p(h)?
-5
Suppose 10 = u + 3*a - 8, 0 = -2*u + a + 1. Let j(n) = 10 - 14*n - u + 15*n. Give j(-5).
2
Let n(h) be the third derivative of h**5/60 + 5*h**4/24 + h**3/3 + h**2 - 13*h. Calculate n(-6).
8
Let c(s) = -s - 2. Let q be c(-2). Let g be (q + 0 + 0)*-1. Let n(y) = y**2 - y - 8. Determine n(g).
-8
Suppose 3*j - 4*h = -6, 2*j - 7*h = -2*h - 11. Let v = 0 + j. Let x(g) = 2*g + 4*g**2 + 1 - 2*g**v - 3*g**2 + 0. Give x(-2).
-7
Suppose 4*r - 20 - 4 = 0. Let n(y) = y**2 - 4*y - 8. Determine n(r).
4
Suppose -2*i + 4*i + 2*h - 12 = 0, 2*i - 7 = 3*h. Suppose 0*p = i*p + 10. Let b(c) = -c**3 + 3*c + 2. Determine b(p).
4
Let f = 9 - 7. Let u(v) = 3*v - 2. Give u(f).
4
Let o(q) = 3*q. Suppose -3*h - b + 5 = b, 0 = -h - 4*b - 5. Calculate o(h).
9
Let u(p) = -p**3 - 2*p**2 + 3*p - 1. Let c be u(-3). Let b(s) = -1009*s - 4 + 3 + 1008*s. Calculate b(c).
0
Suppose 0*w = 4*w - 44. Let c = w - 8. Let d = -4 + c. Let o(j) = 2*j**3 + j**2 + j + 1. Determine o(d).
-1
Suppose -5*p = -3*s + 8 + 5, -2*p - 26 = 4*s. Let y = s + 5. Let x(z) = 1 + 2*z**2 - y + 4*z. What is x(-3)?
6
Let r(q) = 3*q + 21*q**2 + 1 + 3*q**3 + 2*q**2 - 20*q**2. Calculate r(-2).
-17
Suppose -1 = 3*h - 7. Let b(i) = -6*i**h + i**2 - 4*i**3 + 3*i**3. Let g be (15/6)/((-1)/2 - 0). What is b(g)?
0
Let s(w) be the second derivative of w**7/840 - w**6/72 + 5*w**4/24 - w**3/3 + 6*w. Let h(z) be the second derivative of s(z). Calculate h(5).
5
Let s be (-13)/(-5) - (-6)/15. Suppose -5*j - d + 9 = -0*j, -j - 2 = 4*d. Let h(r) = 5*r**2 - 3*r**3 + 0*r**2 + 3 + 0*r**j + 2*r**3 - 5*r. Determine h(s).
6
Let r(z) be the first derivative of -z**5/120 + 7*z**4/24 - 2*z**3 - 6. Let k(b) be the third derivative of r(b). What is k(-5)?
12
Let n(g) = 2*g + 3. Suppose 0 = 2*w + 4*l - 8, 0*l = 4*w + l + 12. What is n(w)?
-5
Let p(o) be the first derivative of -o**3/3 - o**2 - 4*o + 3. Let n(u) be the first derivative of p(u). Calculate n(-6).
10
Let d(p) = -303*p**3 + 151*p**3 + p**2 + 153*p**3 + p + 9. Calculat